 4*w + 8 = -0*p, 4*w + 18 = 3*p. Is 993/27 + p/9 a composite number?
False
Suppose -3*l + 6 = 3. Let y be (-1675)/(-20)*-4*l. Let n = y - -526. Is n composite?
False
Suppose -19 = 6*z - 97. Suppose -16602 = 7*l - z*l. Is l a composite number?
False
Let v be 0/((-4)/(-8)*-2). Suppose 4*l - 1215 - 829 = v. Is l prime?
False
Suppose 6*g - 1700 = g. Suppose 2*s + 2*s - g = 0. Suppose 3*p + 5*n - 255 = 0, 3*p - 4*p + s = -3*n. Is p a prime number?
False
Suppose 10153 = 17*b - 4*b. Is b prime?
False
Let c(x) = -x**3 - 12*x**2 - 2. Let j be c(-12). Suppose i = 6*i - 20. Is (-1)/(j*i/376) a prime number?
True
Suppose -59*n - 58638 = -65*n. Is n a composite number?
True
Let d(s) = s**2 + 10*s - 3. Let n be d(-10). Let w be ((-1684)/(-20) - n)*5. Let c = w + -279. Is c a composite number?
False
Is 60440/48 - (-4)/(-24) a composite number?
False
Let q(x) = 42*x**2 - 59*x + 2. Is q(5) a composite number?
False
Let k(i) = i**2 - 6*i - 22. Let y be k(9). Suppose 581 - 136 = y*q. Is q a composite number?
False
Let u(k) = 1779*k**2 + 4*k + 2. Is u(-1) a composite number?
False
Suppose 0*s = -s + 37. Let f be 2795/26 + -3 + 21/6. Let u = f - s. Is u a composite number?
False
Let n(z) = -z**3 - 2*z**2 + 8*z + 11. Is n(-8) a composite number?
False
Suppose 45 = 3*q - q + 3*w, 0 = 3*q + 3*w - 69. Let m = q + 13. Is m a composite number?
False
Suppose 0 = 2*y - 3*m - 7 - 4, 5*y = 3*m + 32. Let n(d) be the third derivative of d**6/120 - d**5/12 + d**4/3 - 11*d**3/6 + 520*d**2. Is n(y) a prime number?
False
Let f = -55 - -59. Suppose -4*g - 117 = -c - 22, 0 = f*c - g - 320. Is c composite?
False
Suppose 2*g = -y + 2103, -4355 + 12767 = 4*y - 4*g. Is y prime?
False
Let y = -25 + 21. Let a(m) = -15*m**2 - 6*m + 7. Let b be a(5). Is y/(-6) + b/(-6) composite?
False
Suppose -3*t = -0*t - 3, -4*k + 3*t + 9 = 0. Let l(x) = 17*x + 14*x + 8*x**3 - 30*x + 4. Is l(k) a prime number?
True
Let c(n) = n**3 + 2*n**2 + n + 1. Let i be c(-1). Suppose 0 = y - i - 117. Is y a prime number?
False
Let z be (-2)/6 + (-5)/3. Let t(v) = 71*v**2 - 2*v - 1. Is t(z) composite?
True
Suppose 5*t - 1578 = 177. Suppose -t = 3*h - 2*k, -5*h = -3*h + 3*k + 247. Let s = h - -378. Is s prime?
False
Let o(m) = -45*m - 13. Suppose -i = -3*t + 3, -3*t + 1 = -2*i - 8. Is o(i) prime?
True
Let u be 24/15 - 6/(-15). Let t(a) = -165*a - 15. Let i(f) = -82*f - 8. Let s(d) = 9*i(d) - 5*t(d). Is s(u) composite?
True
Suppose 26*r - 4*u = 25*r + 97969, -5*u - 489905 = -5*r. Is r prime?
False
Let s be (-21)/(-3)*(2 - 1). Let w = -10 + s. Is (w - -2) + (2 - -190) composite?
False
Let d = 15 + -20. Let n = 5 + d. Suppose 5*a = w - 2*w + 342, n = -5*w - 4*a + 1605. Is w prime?
True
Let r = -22 - -22. Suppose -6*o + 11*o - 50 = r. Let w = o - 4. Is w prime?
False
Let y be (4/((-12)/525))/1*-8. Suppose 5*n - 4765 = -y. Is n composite?
False
Suppose m + 0 = 2. Suppose -4*n + 14 = n - m*p, 4*n + p = 19. Suppose -2*j + 171 = 3*j - n*q, -5*j = 4*q - 179. Is j prime?
False
Suppose -m + 3*z + 109 + 52 = 0, z = -4. Is m a prime number?
True
Let z = 72 - -581. Let k(o) = 12*o**3 + 3*o**2 + 4*o + 2. Let q be k(-3). Let r = z + q. Is r composite?
True
Let x be 854 + 1 + 3*(2 + -3). Suppose 6840 = 6*u + x. Is u a prime number?
False
Let l = -693 - -3466. Is l prime?
False
Suppose 3*b - 5*i = 9, b + 3*i = -0*b + 3. Suppose -b*c - 6*u + 899 = -u, 5*u - 606 = -2*c. Is c a composite number?
False
Let q(x) = 304*x**3 + 2*x**2 - x - 2. Let h(u) = -216*u**3 + 5*u**2 - 3*u + 825*u**3 + 1 - 5. Let i(y) = -4*h(y) + 9*q(y). Is i(1) prime?
False
Let f(v) = -3*v + 46*v**2 - 3*v + 62 + 2*v + v**3 - 47*v**2. Is f(0) prime?
False
Suppose -7396 = 7*c + 1046. Let n = 1915 + c. Is n prime?
True
Let u(f) = f**3 - 4*f**2 + 2*f - 2. Suppose 0 = -3*h + 7*h - 16. Let t be u(h). Is -2*(-255)/t - -2 a prime number?
False
Let l = 2343 - -92. Is l a prime number?
False
Let b(z) = -3*z - 4. Suppose -2*o + s - 25 = 2*o, 2*o + 2*s = -10. Let p be b(o). Suppose g - 2*g + p = 0. Is g composite?
True
Let b(z) = -z + 2. Let c be b(6). Is ((-33)/c)/(1/4) prime?
False
Let z(u) = 13*u - 6*u + 3*u + 9. Let h be (-12)/20 - 1*(-73)/5. Is z(h) composite?
False
Suppose 2*i = i - 2, 5*k - 3209 = 2*i. Suppose -2*y - k = -d + 1542, d = -y + 2177. Is d prime?
True
Let t(h) = -6 - 16*h + h**3 - 4 + 0*h**3 + 16*h**2 - 2*h. Is t(-15) composite?
True
Suppose f - 7*f = -78. Let c(v) = v**3 - 14*v**2 + 17*v + 1. Is c(f) a prime number?
True
Suppose 9 = 3*h - 3. Suppose 0*b + b - 2*w - 151 = 0, w = -h. Is b a composite number?
True
Let t(x) = -2674*x**3 + x**2 - 2. Let o be t(1). Let r = o + 4522. Is r prime?
True
Let c(o) = -2488*o + 109. Is c(-4) a prime number?
True
Let y be -137 - (0 - (-2 + 0)). Let n = 403 + y. Suppose -v - 4*v = 5, -3*v + n = 3*q. Is q prime?
True
Let h(x) = -47*x**3 - x**2 - 22*x - 43. Is h(-7) a composite number?
False
Let d(i) = -i**3 - 5*i**2 + 0 + 2*i**3 - 4*i + 3. Let f = 7 + -1. Is d(f) a composite number?
True
Suppose -4*d + 117 = 5*d. Suppose 802 = -11*y + d*y. Is y prime?
True
Suppose -5*a + 18 = 3*s - 5*s, 4*a = -3*s + 19. Suppose -2*o + a*o - 2786 = 0. Is o a prime number?
False
Let c = 18 - 14. Suppose -3*w + 3926 = 4*n - 32, n = -c*w + 983. Is n a prime number?
True
Let n(s) = -s**3 - 3*s**2 + s - 2. Let z be n(-4). Let t be 5/z - (-250)/4. Let f = t + 76. Is f a composite number?
False
Suppose -u = m - 5759, -u - 108*m + 5743 = -111*m. Is u a prime number?
False
Suppose -2*u - 8 - 4 = 0. Let w be u/(3 - 0) + 910. Suppose 147 + w = 5*s. Is s a prime number?
True
Is 292860/72*18/15 a composite number?
True
Is 1451456/96 - 10/(-6) composite?
False
Let p = 5607 - 3074. Suppose -3*t - 2*o + p = 0, 3*t - 7*t = 2*o - 3376. Is t prime?
False
Let d(i) be the second derivative of -i**5/20 - 2*i**4/3 - i**3/3 + 5*i**2/2 + 4*i. Let x be d(-8). Is (812/6)/(14/x) a composite number?
True
Let f be ((-24)/18)/(1/(-3))*9. Suppose -f = -4*s + 184. Is s prime?
False
Let t = 26077 - 8460. Is t a prime number?
False
Suppose -8*z = -12*z - 1420. Let n be (-19 + -3)*19/2. Let k = n - z. Is k a composite number?
True
Let w(m) = -m + 7. Let t be w(3). Suppose t*g - 5158 = 2*g. Is g composite?
False
Let b(v) = v**2 + 5*v + 4. Let l be b(-5). Suppose -i - 3*i + 3*u + 358 = 0, l*i = -4*u + 372. Suppose -3*p - 123 = -3*d, 3*d - i = -2*p + 57. Is d prime?
False
Let i(t) = t**3 - 8*t**2 + 6*t + 1. Let l be i(7). Let j(m) = 3*m - 4977. Let b be j(0). Is (4/l)/(6/b) composite?
True
Let w = 4514 - -3647. Is w composite?
False
Suppose 23 = 3*k - 31. Suppose -k*a + 655 = -23*a. Let c = -4 - a. Is c composite?
False
Let z(m) = 325*m - 15. Is z(2) composite?
True
Let c = 3175 - 2264. Is c a prime number?
True
Let m = 3 - 10. Let c = m - -14. Is c prime?
True
Let a(i) = -i - 1. Let z be a(-5). Suppose -z*t - 34 = -w + 170, 0 = 4*w + 2*t - 834. Suppose w + 3 = m. Is m composite?
False
Suppose 0 = 10*c + 23577 - 197347. Is c a prime number?
True
Suppose -204986 = -38*d + 4*d. Is d a composite number?
False
Let g = 15 - -4. Let j = 536 - g. Is j a composite number?
True
Suppose 5*d - 3*f - 65 = 0, -3*d + 48 = -4*f + 9. Let b(g) be the second derivative of g**5/20 - g**4 + 8*g**3/3 - 6*g**2 - 290*g. Is b(d) a prime number?
False
Suppose y = 2*n + 6, 0*y + 4*n + 12 = 4*y. Suppose 0*o + 5*o - 2425 = -2*i, y = -3*o + 2*i + 1471. Is o a composite number?
False
Let c(u) be the first derivative of -9*u**4/4 - 7*u**3/3 - u**2/2 + 19*u + 53. Is c(-6) composite?
True
Let n(y) = 42*y**3 - 5*y**2 + 2*y + 15. Let f be n(4). Suppose -f = -4*d + d. Is d prime?
True
Suppose 0*c = 4*c - 20. Suppose 0 = -c*g + 2*g + 183. Suppose -150 + g = -b. Is b composite?
False
Let s = -49 - -35. Let z be (-76)/s - (-27)/(-63). Is (-7 + z)*(-238 + -1) composite?
True
Suppose -2*l - 7 + 27 = -2*k, -l - 5*k - 14 = 0. Suppose -3 = l*g - 15. Is 541/((-1)/(g/(-2))) prime?
True
Let y(j) = j**2 + 4*j - 3. Let d be y(-5). Let f(c) be the second derivative of 35*c**3/3 + 3*c**2/2 + 20*c. Is f(d) composite?
True
Let j be 2*2/4*52. Let k(r) = -2*r**2 - 7. Let n be k(2). Let m = j + n. Is m prime?
True
Suppose 4*o - 14 = -6. Suppose u + 3*l = -2, 2*u + 2*l = 2 + o. Suppose 1835 = u*b + b. Is b a prime number?
True
Let q = -6142 - -9479. Is q prime?
False
Is (9/6)/((-4)/(53008/(-3))) prime?
False
Let y = 124883 + -87102. I